)/(7/14).
2
Suppose 5*a = -14 + 29. Suppose 8*n - a*n = -135. Let o = 52 + n. Calculate the remainder when o is divided by 14.
11
Suppose -11*d + 17733 = 12*d. What is the remainder when d is divided by 19?
11
Let k = -11 - -35. Let o = 29 - k. Calculate the remainder when o is divided by 2.
1
What is the remainder when 47 is divided by 495/20 + (-51)/(-12) + -4?
22
Suppose 3*m - 89 = 43. Let l = -15 - 10. Let q = m + l. What is the remainder when 54 is divided by q?
16
Suppose q - 4*q + 1071 = 0. Suppose -4*p + q = 3*p. What is the remainder when p is divided by 11?
7
What is the remainder when 188 is divided by -38*9/(-6)*5/15?
17
Let p(u) = u + 45. What is the remainder when 86 is divided by p(20)?
21
Suppose 4*i - 3*t + 1 = -8, 5*t = -25. Calculate the remainder when 5/((-10)/i) - (-89)/1 is divided by 19.
16
Let s be ((-12)/3)/(2/(-3)). Suppose s*n + 90 = n. Let h = n - -123. Calculate the remainder when h is divided by 27.
24
Suppose -243 = -11*d + 857. What is the remainder when d is divided by 26?
22
Let h(q) = q**3 - 11*q**2 + 6*q + 7. Let d be h(10). Let s = -28 - d. Suppose 269 = s*x - 116. Calculate the remainder when x is divided by 13.
12
Let t be 1/(-2)*(-2 - 6). Calculate the remainder when 18 - 4*(4 - 3) is divided by ((-2)/4)/(t/(-40)).
4
Let y(h) = -17*h - 66. What is the remainder when 17 is divided by y(-4)?
1
Suppose -27*x + 28*x + 5*d - 198 = 0, -2*x = 4*d - 402. What is the remainder when x is divided by 16?
11
Let b = -93 + 98. Suppose 5*k = -d, -4*d + b*d - 5*k = 20. Calculate the remainder when d is divided by 4.
2
Suppose 0 = -4*d + 2*d + 100. Suppose 0 = 4*b + b - 25. Suppose -20 = -b*l + 45. What is the remainder when d is divided by l?
11
Suppose 3*m + 2*m = 35. Suppose 0 = 3*s + 1 - 4, 3*s = 2*d - m. Suppose 2*g + d*x + 0*x - 2 = 0, 4 = 4*g + 2*x. What is the remainder when 3 is divided by g?
0
Let l = 5 + -37. Let z = 51 + l. Calculate the remainder when z is divided by 10.
9
Let r(n) = 33*n**2 - 3*n + 2. Calculate the remainder when 1471 is divided by r(1).
31
Suppose -5 = -5*x, 3*i - 87 = 5*x - 2*x. Let r = -40 + 59. Suppose 3*c - r - 5 = 0. What is the remainder when i is divided by c?
6
Let x(o) = -183*o - 940. Calculate the remainder when x(-6) is divided by 8.
6
Suppose 3*b = 0, -4*i + b + 27 = -245. Let s = -228 - -251. Calculate the remainder when i is divided by s.
22
Let w(k) = 9*k - 2*k**3 + 5 + 5*k**3 + 0*k**3 - 4*k**3 - 9*k**2. What is the remainder when 59 is divided by w(-10)?
14
Suppose 32*g - 390 = 22*g. Calculate the remainder when 178 is divided by g.
22
Let p(u) = u**3 - 18*u**2 + 9*u - 71. Calculate the remainder when p(18) is divided by 48.
43
Suppose i - 5*d - 45 = 6, 42 = 2*i + 2*d. What is the remainder when 129 is divided by i?
25
Suppose 2*w = 3*w - 2*w. Suppose w = 2*m - 5*m + 126. Calculate the remainder when m is divided by 15.
12
Suppose -22*f = -25*f + 72. What is the remainder when 39 is divided by f?
15
Let n(k) = 5*k**2 - 10*k + 11. Calculate the remainder when 21 is divided by n(1).
3
Suppose -t + 75 = 4*p, 14*p - 18*p + 20 = 0. Calculate the remainder when t is divided by 14.
13
Suppose -15*i + 17*i = 6. Suppose i*q = -20 + 5, -4*w - 3*q - 3 = 0. Calculate the remainder when 28 is divided by w.
1
Let g(p) = 2*p + 60. What is the remainder when 45 is divided by g(-26)?
5
Suppose 9185*q = 9167*q + 162. Let l = 40 - 7. Calculate the remainder when l is divided by q.
6
Let s(k) = 4*k**3 + 4*k**2 - 3*k - 9. Let o be s(6). Calculate the remainder when (-2)/4 - o/(-18) is divided by 28.
26
What is the remainder when 172 is divided by -4 - -34 - (-8 + 2 - -1)?
32
Suppose 0 = u - 2*o - 43, -3*u - 39 = -4*u + 4*o. What is the remainder when 109 is divided by u?
15
Let m(t) = -42 - 2*t + 3*t + 53. What is the remainder when 41 is divided by m(3)?
13
Let q(t) = 6*t + 3*t + 8 + 2 - 3*t**2 + 4*t**2. What is the remainder when 6 is divided by q(-8)?
0
Let h(k) be the second derivative of -k**5/20 + 47*k**2/2 - 2*k. Let j(f) = -f**3 - f**2 - 5*f - 17. Calculate the remainder when h(0) is divided by j(-3).
15
Let n = -156 - -321. What is the remainder when n is divided by 14?
11
Suppose 109 = 14*b - 73. Suppose b*n = 17*n - 260. What is the remainder when n is divided by 35?
30
Let w(d) = d**2 - 5*d + 19. Calculate the remainder when 28 is divided by w(4).
13
Let i = 529 - 508. Suppose 4*p - 244 = 2*b, -2*p - 178 = -5*p - b. Calculate the remainder when p is divided by i.
18
Let m = -249 + 266. Calculate the remainder when 47 is divided by m.
13
Let r = -145 - -173. Calculate the remainder when 63 is divided by r.
7
Suppose 4*z + h - 175 = 0, -3*z - h + 5*h + 136 = 0. What is the remainder when 97 is divided by z?
9
Let r(w) = w**3 - 2*w**2 - 2*w + 2. Let h be r(3). Calculate the remainder when 15 + h + -4 + 1 is divided by 5.
2
Let b(m) = 3*m**2 - 4. Let s be b(3). Let d = -1 + s. Suppose p - d = -15. What is the remainder when 25 is divided by p?
4
Let n(s) = -6*s**2 + 50*s - 3. Calculate the remainder when 77 is divided by n(8).
12
Let g = -11 - -16. Let m = 3 - g. Let h = m + 14. What is the remainder when 47 is divided by h?
11
Suppose 103 = 5*d - n, -40 = 5*d + n - 137. What is the remainder when 928/d - 6/(-10) is divided by 12?
11
Let o = 242 - 172. What is the remainder when 277 is divided by o?
67
Suppose -4*l = -3*p + 106 + 82, 66 = p - 2*l. What is the remainder when 65 is divided by p?
9
Let n = 159 - 82. What is the remainder when n is divided by 40?
37
Let w = 914 + -494. Calculate the remainder when w is divided by 106.
102
Let j(b) = b**3 + 9*b**2 + 16*b + 8. Calculate the remainder when 151 is divided by j(-6).
11
Let p(r) = -2*r**3 - 10*r**2 - 7*r - 16. What is the remainder when 36 is divided by p(-5)?
17
Let z be (0 - 4/6)*-39. Suppose -2*g = -g - z. Calculate the remainder when g is divided by 6 + -1 + 1 + 1.
5
Let o(k) be the second derivative of k**5/20 + 7*k**4/12 - k**3 - 3*k**2/2 - 4*k. Calculate the remainder when o(-6) is divided by 18*(2 - (-2 - -3)).
15
Let n = -69 - -108. Let b(l) = -l**2 - 10*l - 6. Let s be b(-9). Suppose -r = -2*r - 4*p - 6, 5*p - s = -2*r. What is the remainder when n is divided by r?
11
Suppose b - 8 = -5. Suppose b*m - 36 = 3*p, m - 9 - 9 = -p. What is the remainder when 25 is divided by m?
10
Suppose 26*n - 29*n + 3 = 0, 5*h - 4*n - 121 = 0. What is the remainder when h is divided by 15?
10
Let v be (15/10)/((-3)/(-4)). Let y = 7 - v. Suppose 2*b - y = 39. What is the remainder when b is divided by 8?
6
Let m be (-72)/(-20) + 4/10. Let a be 1/((-2)/(-3*22)). Suppose 5*w = -3*k + 45, 2*w - k - a + m = 0. What is the remainder when 35 is divided by w?
11
Calculate the remainder when (4 + 6 + -161)/(-1) is divided by 22.
19
Let y(q) = -20*q + 49. Calculate the remainder when 751 is divided by y(1).
26
What is the remainder when 116 is divided by ((-40)/60)/((-4)/366)?
55
Let y = -7 - -36. Let v = 43 + -38. Suppose 3*x + v = 35. Calculate the remainder when y is divided by x.
9
Suppose -9*r = -7*r - 570. Suppose -6*t = -t - r. Suppose -2*f + t = 4*a + 3*f, 0 = -5*a + 2*f + 96. What is the remainder when 69 is divided by a?
15
Suppose -9*g = -4*g + 90. What is the remainder when 89 is divided by g/36*(-2 - 44)/1?
20
What is the remainder when 1/9*6*498 is divided by 93?
53
Let o(t) = -28*t + 715. Let h = -10 - -21. Calculate the remainder when o(24) is divided by h.
10
Let r(j) = 5*j**3 - 5*j**2 - 14*j + 15. Let f(k) = 3*k**3 - 2*k**2 - 7*k + 8. Let q(a) = -7*f(a) + 4*r(a). What is the remainder when 39 is divided by q(-5)?
11
Let o be (-3)/(-3) + 79/(-1). What is the remainder when 2*(-4 + o/(-4)) is divided by 11?
9
Suppose 0 = 5*v + 3*v - 224. Suppose y - 2*p - v - 2 = 0, -72 = -4*y - 4*p. Calculate the remainder when y is divided by 8.
6
Let w = 8 - -7. Let m be (w/(-12))/(1/(-4)). Suppose 5*d - 69 = -z, -7 = -m*d + 13. Calculate the remainder when z is divided by 13.
10
Let p(z) = -z**3 - 2*z**2 + 3*z + 7. Suppose -13*d + 6 = -10*d. Suppose -d*g = m - 0*m + 4, 4*g + 18 = 3*m. What is the remainder when 12 is divided by p(g)?
5
Suppose 25*j = 22*j + 18. Calculate the remainder when 23 is divided by j.
5
Let s(t) = 5*t - 2. Let y be s(-2). Let a = -4 - y. What is the remainder when ((-8)/(-6))/(6/63) is divided by a?
6
Suppose b - 8 